{"id":74,"date":"2019-10-30T02:12:45","date_gmt":"2019-10-30T01:12:45","guid":{"rendered":"http:\/\/www.bono-pizzeria-pierrelaye.com\/?page_id=74"},"modified":"2021-09-18T01:56:56","modified_gmt":"2021-09-17T23:56:56","slug":"contact","status":"publish","type":"page","link":"https:\/\/www.bono-pizzeria-pierrelaye.com\/index.php\/contact\/","title":{"rendered":"CONTACT"},"content":{"rendered":"<p style=\"text-align: center;\">Restaurant Franco-Italien BONO<br \/>\n137, avenue du G\u00e9n\u00e9ral de Gaulle &#8211; R.D.14<br \/>\n95480 PIERRELAYE<\/p>\n<p style=\"text-align: center;\">T\u00e9l : 01 30 37 65 37<\/p>\n<p style=\"text-align: center;\">Ouvert tous les jours<br \/>\nde 12h00 \u00e0 15h00 et de 19h00 \u00e0 23h00<\/p>\n<p>&nbsp;<\/p>\n<p style=\"text-align: center;\"><iframe loading=\"lazy\" style=\"border: 0px currentColor;\" src=\"https:\/\/www.google.com\/maps\/embed?pb=!1m18!1m12!1m3!1d2616.3900469911245!2d2.1412749154805737!3d49.022188179303804!2m3!1f0!2f0!3f0!3m2!1i1024!2i768!4f13.1!3m3!1m2!1s0x47e65ffe50910db3%3A0x21c1496cd7823b2e!2sBono%20Pizzeria!5e0!3m2!1sfr!2sfr!4v1572402358873!5m2!1sfr!2sfr\" width=\"600\" height=\"450\" frameborder=\"0\" allowfullscreen=\"allowfullscreen\"><\/iframe><\/p>\n","protected":false},"excerpt":{"rendered":"<p>Restaurant Franco-Italien BONO 137, avenue du G\u00e9n\u00e9ral de Gaulle &#8211; R.D.14 95480 PIERRELAYE T\u00e9l : 01 30 37 65 37 Ouvert tous les jours de 12h00 \u00e0 15h00 et de [&hellip;]<\/p>\n","protected":false},"author":1,"featured_media":0,"parent":0,"menu_order":0,"comment_status":"closed","ping_status":"closed","template":"","meta":[],"_links":{"self":[{"href":"https:\/\/www.bono-pizzeria-pierrelaye.com\/index.php\/wp-json\/wp\/v2\/pages\/74"}],"collection":[{"href":"https:\/\/www.bono-pizzeria-pierrelaye.com\/index.php\/wp-json\/wp\/v2\/pages"}],"about":[{"href":"https:\/\/www.bono-pizzeria-pierrelaye.com\/index.php\/wp-json\/wp\/v2\/types\/page"}],"author":[{"embeddable":true,"href":"https:\/\/www.bono-pizzeria-pierrelaye.com\/index.php\/wp-json\/wp\/v2\/users\/1"}],"replies":[{"embeddable":true,"href":"https:\/\/www.bono-pizzeria-pierrelaye.com\/index.php\/wp-json\/wp\/v2\/comments?post=74"}],"version-history":[{"count":8,"href":"https:\/\/www.bono-pizzeria-pierrelaye.com\/index.php\/wp-json\/wp\/v2\/pages\/74\/revisions"}],"predecessor-version":[{"id":476,"href":"https:\/\/www.bono-pizzeria-pierrelaye.com\/index.php\/wp-json\/wp\/v2\/pages\/74\/revisions\/476"}],"wp:attachment":[{"href":"https:\/\/www.bono-pizzeria-pierrelaye.com\/index.php\/wp-json\/wp\/v2\/media?parent=74"}],"curies":[{"name":"wp","href":"https:\/\/api.w.org\/{rel}","templated":true}]}}